5*j - 10. What is the units digit of (-2)/j + 11/2?
6
Let g be (-6 - -7)/((-2)/6). What is the units digit of 9 + (2 - 1) + g?
7
Let o be 2/(1 + 1) + 8. Let s(b) = -b**3 + 10*b**2 - 8*b - 9. Let y be s(o). Suppose y*i = -i + 3. What is the units digit of i?
3
Let l be (24/9)/4*42. Suppose -4*k + l = -3*k - 5*q, 0 = 5*k - 2*q - 94. What is the units digit of k?
8
Let c(t) = t - 2. Let q be c(7). Let p(j) = 6*j - 14*j + 5 + 10*j. What is the units digit of p(q)?
5
Let p(r) = -r**3 + 11*r**2 - 7*r. What is the hundreds digit of p(8)?
1
Let l = -118 - -188. What is the units digit of l?
0
Suppose -r - 126 = -4*r - 3*u, 2*u - 121 = -3*r. What is the units digit of r?
7
What is the units digit of 220/15*(-6)/(-4)?
2
Suppose 12*o - 14*o = -214. What is the units digit of o?
7
Let w(h) be the first derivative of -h**4/3 + h**3/6 - h**2/2 + 1. Let v(r) be the second derivative of w(r). What is the units digit of v(-1)?
9
What is the units digit of (-27)/63 + (-104)/(-14)?
7
Let g be 6/(-8) - (-945)/(-36). Let k = g - -56. What is the units digit of k?
9
Let t(g) = g**3 - 7*g**2 - 7*g. Let x be t(8). Suppose 2*k = 4 + x. What is the units digit of ((-2)/6)/((-2)/k)?
1
Suppose 2*d = -20 + 76. What is the units digit of d?
8
Let v = 78 + -51. What is the units digit of v?
7
Let n = -5 - -3. What is the tens digit of (-142)/(-6) + n/(-6)?
2
Let k(w) = 6*w + 7. What is the units digit of k(4)?
1
Suppose -5*j - 2*k + 83 = -6*k, -5*j + 3*k + 81 = 0. What is the units digit of j?
5
Let w(n) = n**2 + 9*n + 3. Let x be w(-9). Suppose x*f - 29 = 4*j, 2*j + 33 = 5*f + 3*j. Suppose 3*t - f*t = -68. What is the tens digit of t?
1
Let y be 66/9 - 2/6. What is the units digit of y - 4 - -1*3?
6
Suppose -6 = -0*f - 2*f. Let q = f + -8. Let r = q + 10. What is the units digit of r?
5
Suppose 173 = 3*d + 2*z, -d + 181 = 2*d - 2*z. What is the units digit of d?
9
What is the units digit of 0/(-4) - -1 - -16?
7
Let p = -7 + 8. What is the units digit of p?
1
Let b(r) = r**2 - 9*r + 2. Let s be 2*(-1 - 9/6). Let x be s*(-18)/(-10)*-1. What is the units digit of b(x)?
2
Suppose 3*q = 7*q - 3*s - 3, q - 5*s = -12. Suppose q*d = -2*j - j + 42, -4*d + 3*j + 28 = 0. What is the tens digit of d?
1
Let v = -39 + 92. What is the units digit of v?
3
Let r(o) = -19*o**3 - o - 1. Let u be r(-1). Suppose -7 + u = 2*s. What is the units digit of s?
6
Suppose -2*s + 0*o = 4*o - 48, -3*o = 5*s - 85. What is the tens digit of s?
1
Let v = 307 - 146. What is the units digit of v?
1
Suppose 3*r = -z + 10, -3*r - 3*z + 13 = z. Let x(a) = 0*a + 3 + 8*a - 2*a**2 + r*a**2. What is the units digit of x(-8)?
3
Suppose d = m + 62 - 205, 2*m - 5*d - 298 = 0. What is the hundreds digit of m?
1
Let l(u) = -u**3 - 4*u**2 - 2*u - 3. Let r be l(-4). Suppose 2*j - 3 = r. Suppose q - 4*x + 0 = -j, -q = 4*x - 12. What is the units digit of q?
4
Let x be 6*((-7)/2 - -2). What is the units digit of (-41)/(-3) - (-6)/x?
3
Suppose 2*b + 3*b + 15 = 0. Let m(o) = o**2 + 3*o + 4. Let v be m(b). Let k = v + 6. What is the tens digit of k?
1
Let i(x) = -x + 7. Let y be i(8). Let p = -2 - y. What is the units digit of (14/(-8))/(p/4)?
7
Suppose 3*k + 4*j - 13 - 11 = 0, -2*j = -6. Let r(x) = -2*x**3 - 5*x**2 + 6. Let f be r(-3). Suppose f = 5*c, -2 = a - k*c + 4. What is the units digit of a?
6
Let n(v) = -5 - 3*v**2 + 0*v**2 - 4*v**2 - v**3 - 7*v. Let p be n(-6). What is the units digit of (p - -1)*10/4?
5
Let i(p) = p**3 - p + 94. What is the units digit of i(0)?
4
Let u(n) = -30 - 3*n + 2*n + 31. What is the units digit of u(-4)?
5
Suppose -24 = -4*p + 3*x, 3*x + 27 = 2*p + 3*p. Suppose -3*b + 9 = 4*h, 5*h - b - 13 = -p*b. Let l(t) = -t + 4. What is the units digit of l(h)?
1
Let s(w) = -w**3 + 3*w**2 - 2*w + 4. Let i(j) = -j**3 + j**2 + 1. Suppose 2*h + 2*h = -12. Let r(f) = h*i(f) + s(f). What is the units digit of r(1)?
1
Let w(u) = -3*u - 9. Let k be w(-7). Suppose -5*d = -k - 18. What is the units digit of ((-3)/(-2))/(d/8)?
2
Let m = -10 - -44. Suppose -5*h + m = 3*p - 2*p, 18 = 5*h - 3*p. Suppose -20 = q - h*q. What is the units digit of q?
4
Let n(s) = -s**2 - 7*s + 3. Let u(c) = -c**2 - 6*c + 2. Let m(q) = -3*n(q) + 4*u(q). Let v be m(-1). What is the units digit of -3 - (v - 18*1)?
4
Let p(u) = u**3 + 4*u**2 - 2*u - 1. Let q(o) = o - 1. Let n be q(-1). What is the tens digit of p(n)?
1
Let f = 39 - 14. What is the units digit of f?
5
Let f(w) = -w**2 - 7*w - 3. Let n be f(-6). What is the tens digit of (-4)/(34/(-10) + n)?
1
Let r(b) = b**2 - 7*b + 29. What is the units digit of r(14)?
7
Let f(g) = g**3 - 11*g**2 + 9*g + 13. Let a be f(10). What is the units digit of 1/(a/9) + 29?
2
Let s(c) = c**3 - c - 1. Let t(k) be the first derivative of 5*k**4/4 - 2*k**3/3 - 5*k + 2. Let l(p) = -6*s(p) + t(p). What is the units digit of l(-4)?
9
Suppose -2*j + 4*b = -28 + 2, 0 = -5*j - 4*b + 9. Let k be (6/j)/(4/(-60)). What is the units digit of (0 + 1)/((-3)/k)?
6
What is the units digit of 12 + (1 - (-8)/4)?
5
Let g(t) = -t**2 + 21*t - 10. What is the units digit of g(14)?
8
Let z = 15 - -3. What is the tens digit of z?
1
Suppose -349 = -3*z - y, -2*y - 582 = -5*z - 4*y. What is the units digit of z?
6
Let q be ((-4)/(-8))/(1/8). Suppose -3*j + q*j = 19. What is the tens digit of j?
1
Suppose -15 = -3*f - 6. Suppose f*t - 6*t + 72 = 0. What is the units digit of t?
4
What is the tens digit of (-1690)/91*14/2*-1?
3
Suppose 3*j - 29 = -4*q, -5*j + 0*q - 4*q + 35 = 0. Suppose -w - 1 = -j. What is the units digit of w?
2
Suppose -4*q + 340 = -4*v, -8*q = -6*q + 4*v - 152. What is the units digit of q?
2
Suppose -3*n - 179 = -4*p + 2, 4*p + 2*n = 166. What is the units digit of p?
3
Let r = -7 - -2. Let f be (-33)/r + (-10)/(-25). Suppose 32 = 5*k + f. What is the units digit of k?
5
Suppose 2*y = -2*w, 2*w + 5*y + 14 = 4*w. Let r(j) = 4*j**2 + 2*j - 3*j**w + j**2 - 1. What is the units digit of r(-2)?
3
Let p = -64 - -122. What is the units digit of p?
8
Suppose -8*k + 3*k = 0. Suppose k*b + 2*b = 0. Suppose -4*z + 16 = -b*z. What is the units digit of z?
4
Let k(x) = 7*x**3 - 30*x**2 + 21*x - 27. Let j(i) = -4*i**3 + 15*i**2 - 10*i + 13. Let a(w) = -5*j(w) - 3*k(w). What is the tens digit of a(14)?
3
Let g(d) = d - 2. What is the units digit of g(7)?
5
Let b(r) = 4*r + 4 + 2 - r - 4*r. What is the units digit of b(-10)?
6
Let l(z) = -z**3 - 14*z**2 - 3*z - 26. What is the units digit of l(-14)?
6
Let m be ((-12)/10)/(9/(-90)). Suppose 3*u - 6*u = -m. What is the units digit of u?
4
What is the tens digit of 43 - ((2 - -1) + -3)?
4
Suppose 5*p = 3*x - x - 309, -5*x + 720 = -2*p. What is the units digit of x?
2
Let j(q) = -q + 4. Let w be j(3). Suppose -m - w = -4. What is the units digit of m?
3
Suppose i - 4*p = -1, 0 = 4*i - 2*p + 7*p - 17. What is the units digit of i?
3
Let i(c) be the third derivative of -5*c**4/8 + c**3/3 - 7*c**2. What is the tens digit of i(-1)?
1
Suppose i + 5*k = -2*i + 4, -k - 44 = -5*i. What is the units digit of (-4)/i + 3/2?
1
Let c(l) = 5*l - 4. Let o(k) = 14*k - 12. Let i(g) = -11*c(g) + 4*o(g). What is the units digit of i(5)?
1
Let v(x) = 3*x. Let g be v(-1). Let w = 5 + g. What is the units digit of w?
2
Let c be 8 - (4 + 4/(-4)). Suppose -2*g = -c*a - 22 - 16, 2*a - 100 = -4*g. What is the units digit of g?
4
Let p(c) = 4*c**2 - 1. Let v be p(1). Suppose d - 10 + v = 0. What is the units digit of d?
7
Suppose 2*k = 3*k + 44. Suppose -x = 4*y + 103, 0*x = -2*y - x - 51. Let c = y - k. What is the units digit of c?
8
Let u = -13 + 15. Suppose -140 = -u*r - 3*r. What is the tens digit of r?
2
Let a(s) = s**2 - 4*s - 6. Let l(f) = -f**3 + 2*f**2 - f + 1. Let c be l(3). Let y(m) = -m**2 - 12*m - 5. Let q be y(c). What is the units digit of a(q)?
6
Suppose b + 5*m = -17 + 6, -3*m - 39 = -3*b. What is the units digit of b?
9
Suppose -2*t = -4*c - 26, 2*t - 29 = 5*c + 3*t. Let r(h) = -2 + 4*h - 5*h**2 + 5*h**3 - h**3 - h**3 - 4*h**3. What is the tens digit of r(c)?
1
Let t(x) = x - 2. Let c be t(7). Suppose -i = -0*r - 4*r + 8, 85 = c*i + 5*r. What is the units digit of i?
2
Let r(l) = -l**2 - 7*l - 7. Let b be r(-5). Suppose w - 5*g = 35, 3*w + 0*w + b*g = 15. What is the units digit of w?
0
Let b(p) = -2*p - 7. Let g be b(-6). Suppose -g*a = -20 - 15. What is the units digit of a?
